{"id":11333,"date":"2021-04-16T19:29:41","date_gmt":"2021-04-16T18:29:41","guid":{"rendered":"https:\/\/www.historiazkolemwtle.cal24.pl\/Blog\/?page_id=11333"},"modified":"2023-07-23T20:42:07","modified_gmt":"2023-07-23T19:42:07","slug":"o-autorze","status":"publish","type":"page","link":"https:\/\/www.historiazkolemwtle.cal24.pl\/Blog\/o-autorze\/","title":{"rendered":"O Autorze"},"content":{"rendered":"<p style=\"text-align: justify;\">Zbigniew Kluczkowski (Rocznik? Najlepszy.) &#8211; z zawodu mened\u017cer motoryzacji, z zami\u0142owania nauczyciel (&#8222;psor&#8221; od informatycznych hieroglif\u00f3w i urz\u0119dowych papier\u00f3w) i autor tekst\u00f3w na r\u00f3\u017cne, cz\u0119sto zaskakuj\u0105ce tematy. Pasjonat technologii informatycznych (jest &#8222;Jab\u0142kolubny&#8221;) i japo\u0144skiej motoryzacji. Podobno cz\u0142owiek renesansu, wielozadaniowiec o stoickim spojrzeniu na \u015bwiat i takim r\u00f3wnie\u017c poziomie spokoju.<\/p>\n<p>Publikacje:<\/p>\n<p><a href=\"https:\/\/allegro.pl\/artykul\/jak-przygotowac-dobre-ogloszenie-o-sprzedazy-samochodu-37871\">Jak przygotowa\u0107 dobre og\u0142oszenie o sprzeda\u017cy samochodu? (Allegro)<\/a><\/p>\n<p><a href=\"https:\/\/allegro.pl\/artykul\/zmiany-w-prawie-ue-a-mozliwe-konsekwencje-dla-kierowcow-46607\">Zmiany w prawie UE a mo\u017cliwe konsekwencje dla kierowc\u00f3w (Allegro)<\/a><\/p>\n<p>Ksi\u0105\u017cka:<\/p>\n<p><a href=\"https:\/\/www.taniaksiazka.pl\/historia-motoryzacji-zbigniew-kluczkowski-p-1527152.html\">&#8222;Historia motoryzacji&#8221;, wydawnictwo SBM, rok wydania 2021<\/a><\/p>\n","protected":false},"excerpt":{"rendered":"<p>Zbigniew Kluczkowski (Rocznik? Najlepszy.) &#8211; z zawodu mened\u017cer motoryzacji, z zami\u0142owania nauczyciel (&#8222;psor&#8221; od informatycznych hieroglif\u00f3w i urz\u0119dowych papier\u00f3w) i autor tekst\u00f3w na r\u00f3\u017cne, cz\u0119sto zaskakuj\u0105ce tematy. Pasjonat technologii informatycznych (jest &#8222;Jab\u0142kolubny&#8221;) i japo\u0144skiej motoryzacji. Podobno cz\u0142owiek renesansu, wielozadaniowiec o stoickim spojrzeniu na \u015bwiat i takim r\u00f3wnie\u017c poziomie spokoju. Publikacje: Jak przygotowa\u0107 dobre og\u0142oszenie o\u2026 <span class=\"read-more\"><a href=\"https:\/\/www.historiazkolemwtle.cal24.pl\/Blog\/o-autorze\/\">Dowiedz si\u0119 wi\u0119cej &raquo;<\/a><\/span><\/p>\n","protected":false},"author":1,"featured_media":15426,"parent":0,"menu_order":0,"comment_status":"closed","ping_status":"closed","template":"","meta":{"footnotes":""},"class_list":["post-11333","page","type-page","status-publish","has-post-thumbnail","hentry"],"rttpg_featured_image_url":{"full":["https:\/\/www.historiazkolemwtle.cal24.pl\/Blog\/wp-content\/uploads\/2023\/07\/logo-kopia.png",1650,1045,false],"landscape":["https:\/\/www.historiazkolemwtle.cal24.pl\/Blog\/wp-content\/uploads\/2023\/07\/logo-kopia.png",1650,1045,false],"portraits":["https:\/\/www.historiazkolemwtle.cal24.pl\/Blog\/wp-content\/uploads\/2023\/07\/logo-kopia.png",1650,1045,false],"thumbnail":["https:\/\/www.historiazkolemwtle.cal24.pl\/Blog\/wp-content\/uploads\/2023\/07\/logo-kopia-150x150.png",150,150,true],"medium":["https:\/\/www.historiazkolemwtle.cal24.pl\/Blog\/wp-content\/uploads\/2023\/07\/logo-kopia-300x190.png",300,190,true],"large":["https:\/\/www.historiazkolemwtle.cal24.pl\/Blog\/wp-content\/uploads\/2023\/07\/logo-kopia-1024x649.png",665,421,true],"1536x1536":["https:\/\/www.historiazkolemwtle.cal24.pl\/Blog\/wp-content\/uploads\/2023\/07\/logo-kopia-1536x973.png",1536,973,true],"2048x2048":["https:\/\/www.historiazkolemwtle.cal24.pl\/Blog\/wp-content\/uploads\/2023\/07\/logo-kopia.png",1650,1045,false],"post-thumbnail":["https:\/\/www.historiazkolemwtle.cal24.pl\/Blog\/wp-content\/uploads\/2023\/07\/logo-kopia-660x418.png",660,418,true],"excerpt-thumbnail":["https:\/\/www.historiazkolemwtle.cal24.pl\/Blog\/wp-content\/uploads\/2023\/07\/logo-kopia-200x140.png",200,140,true],"excerpt-thumbnail-mobile":["https:\/\/www.historiazkolemwtle.cal24.pl\/Blog\/wp-content\/uploads\/2023\/07\/logo-kopia-380x200.png",380,200,true]},"rttpg_author":{"display_name":"Zbigniew Kluczkowski","author_link":"https:\/\/www.historiazkolemwtle.cal24.pl\/Blog\/author\/admin\/"},"rttpg_comment":0,"rttpg_category":null,"rttpg_excerpt":"Zbigniew Kluczkowski (Rocznik? Najlepszy.) &#8211; z zawodu mened\u017cer motoryzacji, z zami\u0142owania nauczyciel (&#8222;psor&#8221; od informatycznych hieroglif\u00f3w i urz\u0119dowych papier\u00f3w) i autor tekst\u00f3w na r\u00f3\u017cne, cz\u0119sto zaskakuj\u0105ce tematy. Pasjonat technologii informatycznych (jest &#8222;Jab\u0142kolubny&#8221;) i japo\u0144skiej motoryzacji. Podobno cz\u0142owiek renesansu, wielozadaniowiec o stoickim spojrzeniu na \u015bwiat i takim r\u00f3wnie\u017c poziomie spokoju. Publikacje: Jak przygotowa\u0107 dobre og\u0142oszenie o\u2026&hellip;","_links":{"self":[{"href":"https:\/\/www.historiazkolemwtle.cal24.pl\/Blog\/wp-json\/wp\/v2\/pages\/11333","targetHints":{"allow":["GET"]}}],"collection":[{"href":"https:\/\/www.historiazkolemwtle.cal24.pl\/Blog\/wp-json\/wp\/v2\/pages"}],"about":[{"href":"https:\/\/www.historiazkolemwtle.cal24.pl\/Blog\/wp-json\/wp\/v2\/types\/page"}],"author":[{"embeddable":true,"href":"https:\/\/www.historiazkolemwtle.cal24.pl\/Blog\/wp-json\/wp\/v2\/users\/1"}],"replies":[{"embeddable":true,"href":"https:\/\/www.historiazkolemwtle.cal24.pl\/Blog\/wp-json\/wp\/v2\/comments?post=11333"}],"version-history":[{"count":6,"href":"https:\/\/www.historiazkolemwtle.cal24.pl\/Blog\/wp-json\/wp\/v2\/pages\/11333\/revisions"}],"predecessor-version":[{"id":13785,"href":"https:\/\/www.historiazkolemwtle.cal24.pl\/Blog\/wp-json\/wp\/v2\/pages\/11333\/revisions\/13785"}],"wp:featuredmedia":[{"embeddable":true,"href":"https:\/\/www.historiazkolemwtle.cal24.pl\/Blog\/wp-json\/wp\/v2\/media\/15426"}],"wp:attachment":[{"href":"https:\/\/www.historiazkolemwtle.cal24.pl\/Blog\/wp-json\/wp\/v2\/media?parent=11333"}],"curies":[{"name":"wp","href":"https:\/\/api.w.org\/{rel}","templated":true}]}}