{"id":12624,"date":"2022-01-08T13:38:48","date_gmt":"2022-01-08T12:38:48","guid":{"rendered":"https:\/\/www.historiazkolemwtle.cal24.pl\/Blog\/?page_id=12624"},"modified":"2023-07-23T20:42:29","modified_gmt":"2023-07-23T19:42:29","slug":"polityka-prywatnosci","status":"publish","type":"page","link":"https:\/\/www.historiazkolemwtle.cal24.pl\/Blog\/polityka-prywatnosci\/","title":{"rendered":"Polityka prywatno\u015bci"},"content":{"rendered":"<p style=\"text-align: justify;\"><strong>Nota RODO:\u00a0<\/strong><\/p>\n<p style=\"text-align: justify;\">W zwi\u0105zku z tym, \u017ce od 25 maja 2018 roku we wszystkich krajach cz\u0142onkowskich EU zacz\u0119\u0142o obowi\u0105zywa\u0107 tzw. \u201eOg\u00f3lne Rozporz\u0105dzenie o Ochronie Danych Osobowych 2016\/679 \u2013 (RODO)\u201d informujemy, \u017ce <strong>informacje gromadzone przez ten portal nie s\u0142u\u017c\u0105 celom innym ni\u017c zapewnienie zoptymalizowanego dost\u0119pu do tre\u015bci umieszczanych przez administrator\u00f3w. <\/strong>W indywidualnych przypadkach mog\u0105 by\u0107 udost\u0119pniane na wniosek zainteresowanego podmiotu dla cel\u00f3w dowodowych lub osobom prywatnym w ograniczonym, przewidzianymi odpowiednimi przepisami, zakresie.<strong><br \/>\n<\/strong><\/p>\n<p style=\"text-align: justify;\"><strong>Pozyskiwane s\u0105 takie dane jak:<\/strong><\/p>\n<ul style=\"text-align: justify;\">\n<li>cookies (ciasteczka);<\/li>\n<li>adresy IP;<\/li>\n<li>adres poczty elektronicznej;<\/li>\n<li>lokalizacja u\u017cytkownika;<\/li>\n<li>rodzaj i wersja oprogramowania, z jakiego korzysta u\u017cytkownik.<\/li>\n<\/ul>\n<p style=\"text-align: justify;\"><strong>Administratorem danych<\/strong> gromadzonych przez blog \u201eHistoria z ko\u0142em w tle\u201d jest Zbigniew Kluczkowski.<\/p>\n<p style=\"text-align: justify;\"><strong>Miejscem gromadzenia, przetwarzania i archiwizowania danych<\/strong> jest serwer partnera technicznego serwisu \u2013 firma <strong>\u201eInfo-CAL\u201d.<\/strong><\/p>\n<p style=\"text-align: justify;\"><strong>Dane gromadzone przez portal s\u0105 udost\u0119pniane w oparciu o indywidualny wniosek przes\u0142any drog\u0105 elektroniczn\u0105 poprzedzony kontaktem z administratorem poprzez odpowiedni formularz umieszczony na stronie.<\/strong><\/p>\n","protected":false},"excerpt":{"rendered":"<p>Nota RODO:\u00a0 W zwi\u0105zku z tym, \u017ce od 25 maja 2018 roku we wszystkich krajach cz\u0142onkowskich EU zacz\u0119\u0142o obowi\u0105zywa\u0107 tzw. \u201eOg\u00f3lne Rozporz\u0105dzenie o Ochronie Danych Osobowych 2016\/679 \u2013 (RODO)\u201d informujemy, \u017ce informacje gromadzone przez ten portal nie s\u0142u\u017c\u0105 celom innym ni\u017c zapewnienie zoptymalizowanego dost\u0119pu do tre\u015bci umieszczanych przez administrator\u00f3w. W indywidualnych przypadkach mog\u0105 by\u0107 udost\u0119pniane\u2026 <span class=\"read-more\"><a href=\"https:\/\/www.historiazkolemwtle.cal24.pl\/Blog\/polityka-prywatnosci\/\">Dowiedz si\u0119 wi\u0119cej &raquo;<\/a><\/span><\/p>\n","protected":false},"author":1,"featured_media":15426,"parent":0,"menu_order":0,"comment_status":"closed","ping_status":"closed","template":"","meta":{"footnotes":""},"class_list":["post-12624","page","type-page","status-publish","has-post-thumbnail","hentry"],"rttpg_featured_image_url":{"full":["https:\/\/www.historiazkolemwtle.cal24.pl\/Blog\/wp-content\/uploads\/2023\/07\/logo-kopia.png",1650,1045,false],"landscape":["https:\/\/www.historiazkolemwtle.cal24.pl\/Blog\/wp-content\/uploads\/2023\/07\/logo-kopia.png",1650,1045,false],"portraits":["https:\/\/www.historiazkolemwtle.cal24.pl\/Blog\/wp-content\/uploads\/2023\/07\/logo-kopia.png",1650,1045,false],"thumbnail":["https:\/\/www.historiazkolemwtle.cal24.pl\/Blog\/wp-content\/uploads\/2023\/07\/logo-kopia-150x150.png",150,150,true],"medium":["https:\/\/www.historiazkolemwtle.cal24.pl\/Blog\/wp-content\/uploads\/2023\/07\/logo-kopia-300x190.png",300,190,true],"large":["https:\/\/www.historiazkolemwtle.cal24.pl\/Blog\/wp-content\/uploads\/2023\/07\/logo-kopia-1024x649.png",665,421,true],"1536x1536":["https:\/\/www.historiazkolemwtle.cal24.pl\/Blog\/wp-content\/uploads\/2023\/07\/logo-kopia-1536x973.png",1536,973,true],"2048x2048":["https:\/\/www.historiazkolemwtle.cal24.pl\/Blog\/wp-content\/uploads\/2023\/07\/logo-kopia.png",1650,1045,false],"post-thumbnail":["https:\/\/www.historiazkolemwtle.cal24.pl\/Blog\/wp-content\/uploads\/2023\/07\/logo-kopia-660x418.png",660,418,true],"excerpt-thumbnail":["https:\/\/www.historiazkolemwtle.cal24.pl\/Blog\/wp-content\/uploads\/2023\/07\/logo-kopia-200x140.png",200,140,true],"excerpt-thumbnail-mobile":["https:\/\/www.historiazkolemwtle.cal24.pl\/Blog\/wp-content\/uploads\/2023\/07\/logo-kopia-380x200.png",380,200,true]},"rttpg_author":{"display_name":"Zbigniew Kluczkowski","author_link":"https:\/\/www.historiazkolemwtle.cal24.pl\/Blog\/author\/admin\/"},"rttpg_comment":0,"rttpg_category":null,"rttpg_excerpt":"Nota RODO:\u00a0 W zwi\u0105zku z tym, \u017ce od 25 maja 2018 roku we wszystkich krajach cz\u0142onkowskich EU zacz\u0119\u0142o obowi\u0105zywa\u0107 tzw. \u201eOg\u00f3lne Rozporz\u0105dzenie o Ochronie Danych Osobowych 2016\/679 \u2013 (RODO)\u201d informujemy, \u017ce informacje gromadzone przez ten portal nie s\u0142u\u017c\u0105 celom innym ni\u017c zapewnienie zoptymalizowanego dost\u0119pu do tre\u015bci umieszczanych przez administrator\u00f3w. W indywidualnych przypadkach mog\u0105 by\u0107 udost\u0119pniane\u2026&hellip;","_links":{"self":[{"href":"https:\/\/www.historiazkolemwtle.cal24.pl\/Blog\/wp-json\/wp\/v2\/pages\/12624","targetHints":{"allow":["GET"]}}],"collection":[{"href":"https:\/\/www.historiazkolemwtle.cal24.pl\/Blog\/wp-json\/wp\/v2\/pages"}],"about":[{"href":"https:\/\/www.historiazkolemwtle.cal24.pl\/Blog\/wp-json\/wp\/v2\/types\/page"}],"author":[{"embeddable":true,"href":"https:\/\/www.historiazkolemwtle.cal24.pl\/Blog\/wp-json\/wp\/v2\/users\/1"}],"replies":[{"embeddable":true,"href":"https:\/\/www.historiazkolemwtle.cal24.pl\/Blog\/wp-json\/wp\/v2\/comments?post=12624"}],"version-history":[{"count":1,"href":"https:\/\/www.historiazkolemwtle.cal24.pl\/Blog\/wp-json\/wp\/v2\/pages\/12624\/revisions"}],"predecessor-version":[{"id":12625,"href":"https:\/\/www.historiazkolemwtle.cal24.pl\/Blog\/wp-json\/wp\/v2\/pages\/12624\/revisions\/12625"}],"wp:featuredmedia":[{"embeddable":true,"href":"https:\/\/www.historiazkolemwtle.cal24.pl\/Blog\/wp-json\/wp\/v2\/media\/15426"}],"wp:attachment":[{"href":"https:\/\/www.historiazkolemwtle.cal24.pl\/Blog\/wp-json\/wp\/v2\/media?parent=12624"}],"curies":[{"name":"wp","href":"https:\/\/api.w.org\/{rel}","templated":true}]}}

Polityka prywatności

<p style="text-align: justify;"><strong>Nota RODO: </strong></p>
<p style="text-align: justify;">W związku z tym, że od 25 maja 2018 roku we wszystkich krajach członkowskich EU zaczęło obowiązywać tzw. „Ogólne Rozporządzenie o Ochronie Danych Osobowych 2016/679 – (RODO)” informujemy, że <strong>informacje gromadzone przez ten portal nie służą celom innym niż zapewnienie zoptymalizowanego dostępu do treści umieszczanych przez administratorów. </strong>W indywidualnych przypadkach mogą być udostępniane na wniosek zainteresowanego podmiotu dla celów dowodowych lub osobom prywatnym w ograniczonym, przewidzianymi odpowiednimi przepisami, zakresie.<strong><br />
</strong></p>
<p style="text-align: justify;"><strong>Pozyskiwane są takie dane jak:</strong></p>
<ul style="text-align: justify;">
<li>cookies (ciasteczka);</li>
<li>adresy IP;</li>
<li>adres poczty elektronicznej;</li>
<li>lokalizacja użytkownika;</li>
<li>rodzaj i wersja oprogramowania, z jakiego korzysta użytkownik.</li>
</ul>
<p style="text-align: justify;"><strong>Administratorem danych</strong> gromadzonych przez blog „Historia z kołem w tle” jest Zbigniew Kluczkowski.</p>
<p style="text-align: justify;"><strong>Miejscem gromadzenia, przetwarzania i archiwizowania danych</strong> jest serwer partnera technicznego serwisu – firma <strong>„Info-CAL”.</strong></p>
<p style="text-align: justify;"><strong>Dane gromadzone przez portal są udostępniane w oparciu o indywidualny wniosek przesłany drogą elektroniczną poprzedzony kontaktem z administratorem poprzez odpowiedni formularz umieszczony na stronie.</strong></p>

<p>Nota RODO:  W związku z tym, że od 25 maja 2018 roku we wszystkich krajach członkowskich EU zaczęło obowiązywać tzw. „Ogólne Rozporządzenie o Ochronie Danych Osobowych 2016/679 – (RODO)” informujemy, że informacje gromadzone przez ten portal nie służą celom innym niż zapewnienie zoptymalizowanego dostępu do treści umieszczanych przez administratorów. W indywidualnych przypadkach mogą być udostępniane… <span class="read-more"><a href="https://www.historiazkolemwtle.cal24.pl/Blog/polityka-prywatnosci/">Dowiedz się więcej &raquo;</a></span></p>

Nota RODO:  W związku z tym, że od 25 maja 2018 roku we wszystkich krajach członkowskich EU zaczęło obowiązywać tzw. „Ogólne Rozporządzenie o Ochronie Danych Osobowych 2016/679 – (RODO)” informujemy, że informacje gromadzone przez ten portal nie służą celom innym niż zapewnienie zoptymalizowanego dostępu do treści umieszczanych przez administratorów. W indywidualnych przypadkach mogą być udostępniane…&hellip;
