{"id":16527,"date":"2024-03-26T14:34:00","date_gmt":"2024-03-26T13:34:00","guid":{"rendered":"https:\/\/www.historiazkolemwtle.cal24.pl\/Blog\/?page_id=16527"},"modified":"2024-05-01T20:33:26","modified_gmt":"2024-05-01T19:33:26","slug":"narzedzia-dla-kierowcow","status":"publish","type":"page","link":"https:\/\/www.historiazkolemwtle.cal24.pl\/Blog\/narzedzia-dla-kierowcow\/","title":{"rendered":"Narz\u0119dzia dla kierowc\u00f3w"},"content":{"rendered":"<p style=\"text-align: center;\">Kalkulator koszt\u00f3w podr\u00f3\u017cy:<\/p>\n<p style=\"text-align: center;\"><a href=\"https:\/\/www.calkoo.com\/pl\/spalanie-i-koszt-paliwa\">Calkoo<\/a><\/p>\n<p style=\"text-align: center;\">Aktualne ceny paliw:<\/p>\n<p style=\"text-align: center;\"><a href=\"https:\/\/www.e-petrol.pl\/notowania\/rynek-krajowy\/ceny-stacje-paliw\">epetrol.pl<\/a><\/p>\n<p style=\"text-align: center;\">Kalkulator ubezpiecze\u0144 Mubi:<\/p>\n<p style=\"text-align: center;\"><a href=\"https:\/\/mubi.pl\/?adgroupId=80458760533&amp;gad_source=1&amp;gclid=CjwKCAjw5ImwBhBtEiwAFHDZxxyc4V1vSXi9BJN8c22GzvpBvW9uUvB5dbn0PdDhF0JiTg17sabxIBoCoCkQAvD_BwE\">Mubi<\/a><\/p>\n<p style=\"text-align: center;\">Zestawienie koszt\u00f3w robocizny mechanik\u00f3w:<\/p>\n<p style=\"text-align: center;\"><a href=\"https:\/\/kb.pl\/transport\/ceny-w-warsztacie\/cennik-mechanikow-samochodowych-sprawdz-ceny-w-twoim-miescie-_mot\/\">KB.pl<\/a><\/p>\n<p style=\"text-align: center;\"><strong>Profesjonalny kalkulator koszt\u00f3w przejazdu:<\/strong><\/p>\n<p style=\"text-align: center;\">            <form class=\"crp-simple-form\" action=\"https:\/\/www.najlepszetrasy.com\/odleglosc\/\">\n               <div class=\"crp-table\">\n                  <div class=\"crp-tr\">\n                     <div class=\"crp-td\">\n                        <label for=\"crp-from\">Miejsce wyjazdu<\/label>\n                     <\/div>\n                     <div class=\"crp-td\">\n                        <input type=\"text\" name=\"from\" id=\"crp-from\">\n                     <\/div>\n                  <\/div>\n                  <div class=\"crp-tr\">\n                     <div class=\"crp-td\">\n                        <label for=\"crp-to\">Cel<\/label>\n                     <\/div>\n                     <div class=\"crp-td\">\n                        <input type=\"text\" name=\"to\" id=\"crp-to\">\n                     <\/div>\n                  <\/div>\n               <\/div>\n               <input type=\"hidden\" name=\"utm_source\" value=\"www.historiazkolemwtle.cal24.pl\">\n               <input type=\"hidden\" name=\"utm_medium\" value=\"wp_plugin\">\n               <input type=\"hidden\" name=\"utm_campaign\" value=\"widget\">\n               <input type=\"hidden\" name=\"utm_content\" value=\"simple_form_submit\">\n               <input type=\"submit\" value=\"Oblicz\" class=\"crp-submit\">\n            <\/form>\n            <script>var crpAutocompleteUrl = \"https:\/\/www.najlepszetrasy.com\/rp\/distance-ajax\/atc.json?query=TERM\";<\/script><\/p>\n<p style=\"text-align: center;\">W kolejnych krokach mo\u017cesz dostosowa\u0107 cen\u0119 paliwa i jego zu\u017cycie.<\/p>\n<p style=\"text-align: center;\"><strong>Mapy:<\/strong><\/p>\n<p><iframe title=\"London Eye, London, United Kingdom\" src=\"https:\/\/maps.google.com\/maps?q=London%20Eye%2C%20London%2C%20United%20Kingdom&amp;t=m&amp;z=10&amp;output=embed&amp;iwloc=near\" aria-label=\"London Eye, London, United Kingdom\"><\/iframe><\/p>\n","protected":false},"excerpt":{"rendered":"<p>Kalkulator koszt\u00f3w podr\u00f3\u017cy: Calkoo Aktualne ceny paliw: epetrol.pl Kalkulator ubezpiecze\u0144 Mubi: Mubi Zestawienie koszt\u00f3w robocizny mechanik\u00f3w: KB.pl Profesjonalny kalkulator koszt\u00f3w przejazdu: W kolejnych krokach mo\u017cesz dostosowa\u0107 cen\u0119 paliwa i jego zu\u017cycie. Mapy:<\/p>\n","protected":false},"author":1,"featured_media":0,"parent":0,"menu_order":0,"comment_status":"closed","ping_status":"closed","template":"","meta":{"footnotes":""},"class_list":["post-16527","page","type-page","status-publish","hentry"],"rttpg_featured_image_url":null,"rttpg_author":{"display_name":"Zbigniew Kluczkowski","author_link":"https:\/\/www.historiazkolemwtle.cal24.pl\/Blog\/author\/admin\/"},"rttpg_comment":0,"rttpg_category":null,"rttpg_excerpt":"Kalkulator koszt\u00f3w podr\u00f3\u017cy: Calkoo Aktualne ceny paliw: epetrol.pl Kalkulator ubezpiecze\u0144 Mubi: Mubi Zestawienie koszt\u00f3w robocizny mechanik\u00f3w: KB.pl Profesjonalny kalkulator koszt\u00f3w przejazdu: W kolejnych krokach mo\u017cesz dostosowa\u0107 cen\u0119 paliwa i jego zu\u017cycie. Mapy:","_links":{"self":[{"href":"https:\/\/www.historiazkolemwtle.cal24.pl\/Blog\/wp-json\/wp\/v2\/pages\/16527","targetHints":{"allow":["GET"]}}],"collection":[{"href":"https:\/\/www.historiazkolemwtle.cal24.pl\/Blog\/wp-json\/wp\/v2\/pages"}],"about":[{"href":"https:\/\/www.historiazkolemwtle.cal24.pl\/Blog\/wp-json\/wp\/v2\/types\/page"}],"author":[{"embeddable":true,"href":"https:\/\/www.historiazkolemwtle.cal24.pl\/Blog\/wp-json\/wp\/v2\/users\/1"}],"replies":[{"embeddable":true,"href":"https:\/\/www.historiazkolemwtle.cal24.pl\/Blog\/wp-json\/wp\/v2\/comments?post=16527"}],"version-history":[{"count":10,"href":"https:\/\/www.historiazkolemwtle.cal24.pl\/Blog\/wp-json\/wp\/v2\/pages\/16527\/revisions"}],"predecessor-version":[{"id":18908,"href":"https:\/\/www.historiazkolemwtle.cal24.pl\/Blog\/wp-json\/wp\/v2\/pages\/16527\/revisions\/18908"}],"wp:attachment":[{"href":"https:\/\/www.historiazkolemwtle.cal24.pl\/Blog\/wp-json\/wp\/v2\/media?parent=16527"}],"curies":[{"name":"wp","href":"https:\/\/api.w.org\/{rel}","templated":true}]}}