{"id":1858,"date":"2016-04-04T09:21:48","date_gmt":"2016-04-04T08:21:48","guid":{"rendered":"http:\/\/www.historiazkolemwtle.cal24.pl\/?page_id=1858"},"modified":"2023-07-23T20:40:48","modified_gmt":"2023-07-23T19:40:48","slug":"szukasz_kontaktu","status":"publish","type":"page","link":"https:\/\/www.historiazkolemwtle.cal24.pl\/Blog\/szukasz_kontaktu\/","title":{"rendered":"Formularz kontaktowy"},"content":{"rendered":"<p style=\"text-align: justify;\">Masz propozycje ciekawych artyku\u0142\u00f3w a mo\u017ce znalaz\u0142e\u015b ciekawe zdj\u0119cia lub temat wymagaj\u0105cy poszukiwa\u0144 dalszych informacji? Chcesz podzieli\u0107 si\u0119 swoj\u0105 opini\u0105 na temat bloga lub pochwali\u0107 si\u0119 swoim &#8222;skarbem&#8221;?\u00a0Szukasz medium reklamowego skierowanego do sprecyzowanej i wiernej grupy odbiorc\u00f3w? Napisz do nas:<\/p>\n<div class=\"forminator-ui forminator-custom-form forminator-custom-form-14695 forminator-design--material forminator-enclosed forminator_ajax\" data-forminator-render=\"0\" data-form=\"forminator-module-14695\" data-uid=\"69f2a68f32da2\"><br\/><\/div><form\n\t\t\t\tid=\"forminator-module-14695\"\n\t\t\t\tclass=\"forminator-ui forminator-custom-form forminator-custom-form-14695 forminator-design--material forminator-enclosed forminator_ajax\"\n\t\t\t\tmethod=\"post\"\n\t\t\t\tdata-forminator-render=\"0\"\n\t\t\t\tdata-form-id=\"14695\"\n\t\t\t\tenctype=\"multipart\/form-data\" data-color-option=\"default\" data-design=\"material\" data-grid=\"enclosed\" style=\"display: none;\"\n\t\t\t\tdata-uid=\"69f2a68f32da2\"\n\t\t\t><div role=\"alert\" aria-live=\"polite\" class=\"forminator-response-message forminator-error\" aria-hidden=\"true\"><\/div><div class=\"forminator-row\"><div id=\"name-1\" class=\"forminator-field-name forminator-col forminator-col-12 \"><div class=\"forminator-field\"><label for=\"forminator-field-name-1_69f2a68f32da2\" id=\"forminator-field-name-1_69f2a68f32da2-label\" class=\"forminator-label\">Imi\u0119 <span class=\"forminator-required\">*<\/span><\/label><input type=\"text\" name=\"name-1\" value=\"\" placeholder=\"Na przyk\u0142ad: Jan\" id=\"forminator-field-name-1_69f2a68f32da2\" class=\"forminator-input forminator-name--field\" aria-required=\"true\" autocomplete=\"name\" \/><\/div><\/div><\/div><div class=\"forminator-row\"><div id=\"email-1\" class=\"forminator-field-email forminator-col forminator-col-12 \"><div class=\"forminator-field\"><label for=\"forminator-field-email-1_69f2a68f32da2\" id=\"forminator-field-email-1_69f2a68f32da2-label\" class=\"forminator-label\">Adres e-mail <span class=\"forminator-required\">*<\/span><\/label><input type=\"email\" name=\"email-1\" value=\"\" placeholder=\"Na przyk\u0142ad: jan@kowalski.com\" id=\"forminator-field-email-1_69f2a68f32da2\" class=\"forminator-input forminator-email--field\" data-required=\"true\" aria-required=\"true\" autocomplete=\"email\" \/><\/div><\/div><\/div><div class=\"forminator-row\"><div id=\"phone-1\" class=\"forminator-field-phone forminator-col forminator-col-12 \"><div class=\"forminator-field\"><label for=\"forminator-field-phone-1_69f2a68f32da2\" id=\"forminator-field-phone-1_69f2a68f32da2-label\" class=\"forminator-label\">Numer telefonu<\/label><input type=\"text\" name=\"phone-1\" value=\"\" placeholder=\"Przyk\u0142ad. +48 100 200 300\" id=\"forminator-field-phone-1_69f2a68f32da2\" class=\"forminator-input forminator-field--phone\" data-required=\"\" aria-required=\"false\" autocomplete=\"off\" \/><\/div><\/div><\/div><div class=\"forminator-row\"><div id=\"textarea-1\" class=\"forminator-field-textarea forminator-col forminator-col-12 \"><div class=\"forminator-field\"><label for=\"forminator-field-textarea-1_69f2a68f32da2\" id=\"forminator-field-textarea-1_69f2a68f32da2-label\" class=\"forminator-label\">Wiadomo\u015b\u0107<\/label><textarea name=\"textarea-1\" placeholder=\"Wpisz swoj\u0105 wiadomo\u015b\u0107...\" id=\"forminator-field-textarea-1_69f2a68f32da2\" class=\"forminator-textarea\" rows=\"6\" style=\"--forminator-textarea-min-height:140px;\" maxlength=\"180\" ><\/textarea><span id=\"forminator-field-textarea-1_69f2a68f32da2-description\" class=\"forminator-description\"><span data-limit=\"180\" data-type=\"characters\" data-editor=\"\">0 \/ 180<\/span><\/span><\/div><\/div><\/div><div class=\"forminator-row\"><div id=\"upload-1\" class=\"forminator-field-upload forminator-col forminator-col-12 \"><div class=\"forminator-field\"><label for=\"forminator-field-upload-1_69f2a68f32da2\" id=\"forminator-field-upload-1_69f2a68f32da2-label\" class=\"forminator-label\">Prze\u015blij plik<\/label><div class=\"forminator-file-upload \" data-element=\"upload-1_69f2a68f32da2\"><input type=\"file\" name=\"upload-1\" id=\"forminator-field-upload-1_69f2a68f32da2\" class=\"forminator-input-file\" accept=\".jpg,.jpeg,.jpe,.gif,.png,.bmp,.tiff,.tif,.webp,.ico,.heic,.asf,.asx,.wmv,.wmx,.wm,.avi,.divx,.flv,.mov,.qt,.mpeg,.mpg,.mpe,.mp4,.m4v,.ogv,.webm,.mkv,.3gp,.3gpp,.3g2,.3gp2,.txt,.asc,.c,.cc,.h,.srt,.csv,.tsv,.ics,.rtx,.vtt,.mp3,.m4a,.m4b,.aac,.ra,.ram,.wav,.ogg,.oga,.flac,.mid,.midi,.wma,.wax,.mka,.rtf,.pdf,.class,.tar,.zip,.gz,.gzip,.7z,.psd,.xcf,.doc,.pot,.pps,.ppt,.wri,.xla,.xls,.xlt,.xlw,.mdb,.mpp,.docx,.docm,.dotx,.dotm,.xlsx,.xlsm,.xlsb,.xltx,.xltm,.xlam,.pptx,.pptm,.ppsx,.ppsm,.potx,.potm,.ppam,.sldx,.sldm,.onetoc,.onetoc2,.onetmp,.onepkg,.oxps,.xps,.odt,.odp,.ods,.odg,.odc,.odb,.odf,.wp,.wpd,.key,.numbers,.pages\" tabindex=\"-1\"><button id=\"forminator-field-upload-1_69f2a68f32da2_button\" class=\"forminator-button forminator-button-upload\" data-id=\"forminator-field-upload-1_69f2a68f32da2\">Wybierz plik<\/button><span data-empty-text=\"Nie wybrano \u017cadnego pliku\">Nie wybrano \u017cadnego pliku<\/span><button class=\"forminator-button-delete\" style=\"display: none;\"><i class=\"forminator-icon-close\" aria-hidden=\"true\"><\/i><span class=\"forminator-screen-reader-only\">Usu\u0144 przes\u0142any plik<\/span><\/button><\/div><\/div><\/div><\/div><div class=\"forminator-row\"><\/div><div class=\"forminator-row\"><div id=\"checkbox-1\" class=\"forminator-field-checkbox forminator-col forminator-col-12 \"><div role=\"group\" class=\"forminator-field\" aria-labelledby=\"forminator-checkbox-group-forminator-field-checkbox-1-69f2a68f32da2-label\"><span id=\"forminator-checkbox-group-forminator-field-checkbox-1-69f2a68f32da2-label\" class=\"forminator-label\">Czy wyra\u017casz zgod\u0119 na publikacj\u0119 pytania i odpowiedzi?<\/span><label id=\"forminator-field-checkbox-1-1-69f2a68f32da2-label\" for=\"forminator-field-checkbox-1-1-69f2a68f32da2\" class=\"forminator-checkbox\" title=\"tak\"><input type=\"checkbox\" name=\"checkbox-1[]\" value=\"one\" id=\"forminator-field-checkbox-1-1-69f2a68f32da2\" aria-labelledby=\"forminator-field-checkbox-1-1-69f2a68f32da2-label\" data-calculation=\"0\"  \/><span class=\"forminator-checkbox-box\" aria-hidden=\"true\"><\/span><span class=\"forminator-checkbox-label\">tak<\/span><\/label><\/div><\/div><\/div><input type=\"hidden\" name=\"referer_url\" value=\"\" \/><div class=\"forminator-row forminator-row-last\"><div class=\"forminator-col\"><div class=\"forminator-field\"><button class=\"forminator-button forminator-button-submit\"><span>Wy\u015blij wiadomo\u015b\u0107<\/span><span aria-hidden=\"true\"><\/span><\/button><\/div><\/div><\/div><input type=\"hidden\" id=\"forminator_nonce\" name=\"forminator_nonce\" value=\"c05efde4e8\" \/><input type=\"hidden\" name=\"_wp_http_referer\" value=\"\/Blog\/wp-json\/wp\/v2\/pages\/1858\" \/><input type=\"hidden\" name=\"form_id\" value=\"14695\"><input type=\"hidden\" name=\"page_id\" value=\"1858\"><input type=\"hidden\" name=\"form_type\" value=\"default\"><input type=\"hidden\" name=\"current_url\" value=\"https:\/\/www.historiazkolemwtle.cal24.pl\/Blog\/szukasz_kontaktu\/\"><input type=\"hidden\" name=\"render_id\" value=\"0\"><input type=\"hidden\" name=\"action\" value=\"forminator_submit_form_custom-forms\"><\/form>\n","protected":false},"excerpt":{"rendered":"<p>Masz propozycje ciekawych artyku\u0142\u00f3w a mo\u017ce znalaz\u0142e\u015b ciekawe zdj\u0119cia lub temat wymagaj\u0105cy poszukiwa\u0144 dalszych informacji? Chcesz podzieli\u0107 si\u0119 swoj\u0105 opini\u0105 na temat bloga lub pochwali\u0107 si\u0119 swoim &#8222;skarbem&#8221;?\u00a0Szukasz medium reklamowego skierowanego do sprecyzowanej i wiernej grupy odbiorc\u00f3w? Napisz do nas:<\/p>\n","protected":false},"author":1,"featured_media":15426,"parent":0,"menu_order":0,"comment_status":"closed","ping_status":"closed","template":"","meta":{"footnotes":""},"class_list":["post-1858","page","type-page","status-publish","has-post-thumbnail","hentry"],"rttpg_featured_image_url":{"full":["https:\/\/www.historiazkolemwtle.cal24.pl\/Blog\/wp-content\/uploads\/2023\/07\/logo-kopia.png",1650,1045,false],"landscape":["https:\/\/www.historiazkolemwtle.cal24.pl\/Blog\/wp-content\/uploads\/2023\/07\/logo-kopia.png",1650,1045,false],"portraits":["https:\/\/www.historiazkolemwtle.cal24.pl\/Blog\/wp-content\/uploads\/2023\/07\/logo-kopia.png",1650,1045,false],"thumbnail":["https:\/\/www.historiazkolemwtle.cal24.pl\/Blog\/wp-content\/uploads\/2023\/07\/logo-kopia-150x150.png",150,150,true],"medium":["https:\/\/www.historiazkolemwtle.cal24.pl\/Blog\/wp-content\/uploads\/2023\/07\/logo-kopia-300x190.png",300,190,true],"large":["https:\/\/www.historiazkolemwtle.cal24.pl\/Blog\/wp-content\/uploads\/2023\/07\/logo-kopia-1024x649.png",665,421,true],"1536x1536":["https:\/\/www.historiazkolemwtle.cal24.pl\/Blog\/wp-content\/uploads\/2023\/07\/logo-kopia-1536x973.png",1536,973,true],"2048x2048":["https:\/\/www.historiazkolemwtle.cal24.pl\/Blog\/wp-content\/uploads\/2023\/07\/logo-kopia.png",1650,1045,false],"post-thumbnail":["https:\/\/www.historiazkolemwtle.cal24.pl\/Blog\/wp-content\/uploads\/2023\/07\/logo-kopia-660x418.png",660,418,true],"excerpt-thumbnail":["https:\/\/www.historiazkolemwtle.cal24.pl\/Blog\/wp-content\/uploads\/2023\/07\/logo-kopia-200x140.png",200,140,true],"excerpt-thumbnail-mobile":["https:\/\/www.historiazkolemwtle.cal24.pl\/Blog\/wp-content\/uploads\/2023\/07\/logo-kopia-380x200.png",380,200,true]},"rttpg_author":{"display_name":"Zbigniew Kluczkowski","author_link":"https:\/\/www.historiazkolemwtle.cal24.pl\/Blog\/author\/admin\/"},"rttpg_comment":0,"rttpg_category":null,"rttpg_excerpt":"Masz propozycje ciekawych artyku\u0142\u00f3w a mo\u017ce znalaz\u0142e\u015b ciekawe zdj\u0119cia lub temat wymagaj\u0105cy poszukiwa\u0144 dalszych informacji? Chcesz podzieli\u0107 si\u0119 swoj\u0105 opini\u0105 na temat bloga lub pochwali\u0107 si\u0119 swoim &#8222;skarbem&#8221;?\u00a0Szukasz medium reklamowego skierowanego do sprecyzowanej i wiernej grupy odbiorc\u00f3w? Napisz do nas:","_links":{"self":[{"href":"https:\/\/www.historiazkolemwtle.cal24.pl\/Blog\/wp-json\/wp\/v2\/pages\/1858","targetHints":{"allow":["GET"]}}],"collection":[{"href":"https:\/\/www.historiazkolemwtle.cal24.pl\/Blog\/wp-json\/wp\/v2\/pages"}],"about":[{"href":"https:\/\/www.historiazkolemwtle.cal24.pl\/Blog\/wp-json\/wp\/v2\/types\/page"}],"author":[{"embeddable":true,"href":"https:\/\/www.historiazkolemwtle.cal24.pl\/Blog\/wp-json\/wp\/v2\/users\/1"}],"replies":[{"embeddable":true,"href":"https:\/\/www.historiazkolemwtle.cal24.pl\/Blog\/wp-json\/wp\/v2\/comments?post=1858"}],"version-history":[{"count":31,"href":"https:\/\/www.historiazkolemwtle.cal24.pl\/Blog\/wp-json\/wp\/v2\/pages\/1858\/revisions"}],"predecessor-version":[{"id":14696,"href":"https:\/\/www.historiazkolemwtle.cal24.pl\/Blog\/wp-json\/wp\/v2\/pages\/1858\/revisions\/14696"}],"wp:featuredmedia":[{"embeddable":true,"href":"https:\/\/www.historiazkolemwtle.cal24.pl\/Blog\/wp-json\/wp\/v2\/media\/15426"}],"wp:attachment":[{"href":"https:\/\/www.historiazkolemwtle.cal24.pl\/Blog\/wp-json\/wp\/v2\/media?parent=1858"}],"curies":[{"name":"wp","href":"https:\/\/api.w.org\/{rel}","templated":true}]}}