{"id":8,"date":"2015-11-16T10:30:58","date_gmt":"2015-11-16T09:30:58","guid":{"rendered":"http:\/\/www.historiazkolemwtle.cal24.pl\/?page_id=2"},"modified":"2023-09-03T20:22:15","modified_gmt":"2023-09-03T19:22:15","slug":"misjabloga","status":"publish","type":"page","link":"https:\/\/www.historiazkolemwtle.cal24.pl\/Blog\/misjabloga\/","title":{"rendered":"Misja &#8222;Historii&#8221;"},"content":{"rendered":"<p style=\"text-align: justify;\">&#8222;Historia z ko\u0142em w tle&#8221; to blog tematyczny prowadzony przez pasjonata, kt\u00f3ry od najm\u0142odszych lat interesuje si\u0119 motoryzacj\u0105 &#8211; t\u0105 przez &#8222;du\u017ce M&#8221;, ale r\u00f3wnie\u017c t\u0105 przez &#8222;nieco mniejsze M&#8221;.<\/p>\n<p style=\"text-align: justify;\">Tutaj znajdziecie ciekawostki, o kt\u00f3rych ju\u017c czytali\u015bcie, ale podane w niecodzienny spos\u00f3b. Na\u00a0stronach tego bloga przeczytacie r\u00f3wnie\u017c mniej znane dzieje motoryzacji &#8211; nie tylko maszyn, ale r\u00f3wnie\u017c ludzi, kt\u00f3rzy je skonstruowali.<\/p>\n<p style=\"text-align: justify;\">Autor nie skupia si\u0119 na tym, co oczywiste. Szuka tego, co niezwyk\u0142e w tym, co oczywiste. \u0141amie stereotypy, nie wierzy reklamie i wszystko mierzy swoj\u0105 skal\u0105.<\/p>\n<p style=\"text-align: justify;\"><em>Misj\u0105 &#8222;Historii..&#8221; jest pobudzanie wyobra\u017ani i kreowanie zainteresowania Czytelnik\u00f3w, dlatego te\u017c wszelkie publikacje s\u0105 kr\u00f3tkie i tre\u015bciwe. Nie zawieraj\u0105 odpowiedzi na wszystkie pytania, ale prowokuj\u0105 do poszukiwa\u0144.<\/em><\/p>\n<p style=\"text-align: justify;\">&#8222;Historia &#8230;&#8221; to pewnego rodzaju ho\u0142d dla techniki motoryzacyjnej oraz wszystkich, dzi\u0119ki kt\u00f3rym mo\u017cemy przemieszcza\u0107 si\u0119 z punktu A do punktu B i bezpiecznie wraca\u0107.<\/p>\n<p style=\"text-align: justify;\">Z racji specyfiki uk\u0142adu graficznego osobom s\u0142abowidz\u0105cym zaleca si\u0119 przegl\u0105danie zawarto\u015bci bloga w rozdzielczo\u015bci 1368 na 1024 lub 768 pikseli.<\/p>\n<p style=\"text-align: right;\">Autor<\/p>\n<p style=\"text-align: right;\"><span style=\"color: #ff0000;\"><em>Zbigniew Kluczkowski<\/em><\/span><\/p>\n<hr \/>\n<pre style=\"text-align: justify;\"><strong>Wsparcie techniczne zapewnia:<\/strong><\/pre>\n<pre style=\"text-align: justify;\"><strong> INFO - CAL\r\n <\/strong>ul. Chludowska 387 lok. 9\r\n 62-003 Biedrusko\r\n Wi\u0119cej na: <a href=\"https:\/\/www.cal.pl\/?pp=35795\">strona partnera<\/a>\r\n\r\n<\/pre>\n<hr \/>\n<p style=\"text-align: justify;\"><strong>Autor tekst\u00f3w<\/strong> <strong>korzysta<\/strong> <strong>z<\/strong> <strong>urz\u0105dze\u0144 i oprogramowania firm:<\/strong><\/p>\n<p><a href=\"https:\/\/www.historiazkolemwtle.cal24.pl\/Blog\/wp-content\/uploads\/2020\/05\/calpl.jpg\"><img decoding=\"async\" class=\"size-medium wp-image-9593 aligncenter\" src=\"https:\/\/www.historiazkolemwtle.cal24.pl\/Blog\/wp-content\/uploads\/2020\/05\/calpl-300x166.jpg\" alt=\"\" width=\"300\" height=\"166\" srcset=\"https:\/\/www.historiazkolemwtle.cal24.pl\/Blog\/wp-content\/uploads\/2020\/05\/calpl-300x166.jpg 300w, https:\/\/www.historiazkolemwtle.cal24.pl\/Blog\/wp-content\/uploads\/2020\/05\/calpl.jpg 655w\" sizes=\"(max-width: 300px) 100vw, 300px\" \/><\/a><\/p>\n<p><a href=\"https:\/\/www.historiazkolemwtle.cal24.pl\/Blog\/wp-content\/uploads\/2022\/09\/knowledge_graph_logo.png\"><img fetchpriority=\"high\" decoding=\"async\" class=\"size-medium wp-image-13884 aligncenter\" src=\"https:\/\/www.historiazkolemwtle.cal24.pl\/Blog\/wp-content\/uploads\/2022\/09\/knowledge_graph_logo-300x300.png\" alt=\"\" width=\"300\" height=\"300\" srcset=\"https:\/\/www.historiazkolemwtle.cal24.pl\/Blog\/wp-content\/uploads\/2022\/09\/knowledge_graph_logo-300x300.png 300w, https:\/\/www.historiazkolemwtle.cal24.pl\/Blog\/wp-content\/uploads\/2022\/09\/knowledge_graph_logo-150x150.png 150w, https:\/\/www.historiazkolemwtle.cal24.pl\/Blog\/wp-content\/uploads\/2022\/09\/knowledge_graph_logo.png 302w\" sizes=\"(max-width: 300px) 100vw, 300px\" \/><\/a><a href=\"https:\/\/www.historiazkolemwtle.cal24.pl\/Blog\/wp-content\/uploads\/2021\/05\/339954.jpeg\"><br \/>\n<\/a><\/p>\n<p><strong>&#8222;Historia z ko\u0142em w tle&#8221; wsp\u00f3\u0142pracuje z:<\/strong><\/p>\n<p><a href=\"https:\/\/www.historiazkolemwtle.cal24.pl\/Blog\/wp-content\/uploads\/2020\/05\/media-impact-polska.png\"><img decoding=\"async\" class=\"size-medium wp-image-9596 aligncenter\" src=\"https:\/\/www.historiazkolemwtle.cal24.pl\/Blog\/wp-content\/uploads\/2020\/05\/media-impact-polska-300x200.png\" alt=\"\" width=\"300\" height=\"200\" srcset=\"https:\/\/www.historiazkolemwtle.cal24.pl\/Blog\/wp-content\/uploads\/2020\/05\/media-impact-polska-300x200.png 300w, https:\/\/www.historiazkolemwtle.cal24.pl\/Blog\/wp-content\/uploads\/2020\/05\/media-impact-polska-768x512.png 768w, https:\/\/www.historiazkolemwtle.cal24.pl\/Blog\/wp-content\/uploads\/2020\/05\/media-impact-polska.png 975w\" sizes=\"(max-width: 300px) 100vw, 300px\" \/><\/a><\/p>\n<p><a href=\"https:\/\/www.historiazkolemwtle.cal24.pl\/Blog\/wp-content\/uploads\/2020\/05\/Slajd2-scaled.jpg\"><img loading=\"lazy\" decoding=\"async\" class=\"size-medium wp-image-9597 aligncenter\" src=\"https:\/\/www.historiazkolemwtle.cal24.pl\/Blog\/wp-content\/uploads\/2020\/05\/Slajd2-300x300.jpg\" alt=\"\" width=\"300\" height=\"300\" srcset=\"https:\/\/www.historiazkolemwtle.cal24.pl\/Blog\/wp-content\/uploads\/2020\/05\/Slajd2-300x300.jpg 300w, https:\/\/www.historiazkolemwtle.cal24.pl\/Blog\/wp-content\/uploads\/2020\/05\/Slajd2-1536x1536.jpg 1536w, https:\/\/www.historiazkolemwtle.cal24.pl\/Blog\/wp-content\/uploads\/2020\/05\/Slajd2-2048x2048.jpg 2048w, https:\/\/www.historiazkolemwtle.cal24.pl\/Blog\/wp-content\/uploads\/2020\/05\/Slajd2-150x150.jpg 150w, https:\/\/www.historiazkolemwtle.cal24.pl\/Blog\/wp-content\/uploads\/2020\/05\/Slajd2-768x768.jpg 768w, https:\/\/www.historiazkolemwtle.cal24.pl\/Blog\/wp-content\/uploads\/2020\/05\/Slajd2-1024x1024.jpg 1024w, https:\/\/www.historiazkolemwtle.cal24.pl\/Blog\/wp-content\/uploads\/2020\/05\/Slajd2-1170x1170.jpg 1170w\" sizes=\"(max-width: 300px) 100vw, 300px\" \/><\/a><a href=\"https:\/\/www.historiazkolemwtle.cal24.pl\/Blog\/wp-content\/uploads\/2021\/07\/Przechwytywanie.png\"><img loading=\"lazy\" decoding=\"async\" class=\"size-full wp-image-11779 aligncenter\" src=\"https:\/\/www.historiazkolemwtle.cal24.pl\/Blog\/wp-content\/uploads\/2021\/07\/Przechwytywanie.png\" alt=\"\" width=\"242\" height=\"97\" \/><\/a><\/p>\n<hr \/>\n<p style=\"text-align: justify;\"><strong>Nota prawna:<\/strong><\/p>\n<p style=\"text-align: justify;\"><strong>Je\u017celi opis lub wymienione \u017ar\u00f3d\u0142a nie stanowi\u0105 inaczej, wszelkie tre\u015bci tego bloga stanowi\u0105 w\u0142asno\u015b\u0107 intelektualn\u0105 autora. Autor zastrzega sobie prawo do ich zmian bez wcze\u015bniejszego uprzedzenia.\u00a0<\/strong>Zdj\u0119cia okre\u015blone jako nag\u0142\u00f3wkowe maj\u0105 wy\u0142\u0105cznie charakter informacyjny. Tre\u015bci o charakterze reklamowym prezentowane na \u0142amach tego bloga nie stanowi\u0105 oferty handlowej.<\/p>\n<div class=\"paragraph article_section_content\"><\/div>\n<p>&nbsp;<\/p>\n","protected":false},"excerpt":{"rendered":"<p>&#8222;Historia z ko\u0142em w tle&#8221; to blog tematyczny prowadzony przez pasjonata, kt\u00f3ry od najm\u0142odszych lat interesuje si\u0119 motoryzacj\u0105 &#8211; t\u0105 przez &#8222;du\u017ce M&#8221;, ale r\u00f3wnie\u017c t\u0105 przez &#8222;nieco mniejsze M&#8221;. Tutaj znajdziecie ciekawostki, o kt\u00f3rych ju\u017c czytali\u015bcie, ale podane w niecodzienny spos\u00f3b. Na\u00a0stronach tego bloga przeczytacie r\u00f3wnie\u017c mniej znane dzieje motoryzacji &#8211; nie tylko maszyn,\u2026 <span class=\"read-more\"><a href=\"https:\/\/www.historiazkolemwtle.cal24.pl\/Blog\/misjabloga\/\">Dowiedz si\u0119 wi\u0119cej &raquo;<\/a><\/span><\/p>\n","protected":false},"author":1,"featured_media":15426,"parent":0,"menu_order":0,"comment_status":"closed","ping_status":"closed","template":"","meta":{"footnotes":""},"class_list":["post-8","page","type-page","status-publish","has-post-thumbnail","hentry"],"rttpg_featured_image_url":{"full":["https:\/\/www.historiazkolemwtle.cal24.pl\/Blog\/wp-content\/uploads\/2023\/07\/logo-kopia.png",1650,1045,false],"landscape":["https:\/\/www.historiazkolemwtle.cal24.pl\/Blog\/wp-content\/uploads\/2023\/07\/logo-kopia.png",1650,1045,false],"portraits":["https:\/\/www.historiazkolemwtle.cal24.pl\/Blog\/wp-content\/uploads\/2023\/07\/logo-kopia.png",1650,1045,false],"thumbnail":["https:\/\/www.historiazkolemwtle.cal24.pl\/Blog\/wp-content\/uploads\/2023\/07\/logo-kopia-150x150.png",150,150,true],"medium":["https:\/\/www.historiazkolemwtle.cal24.pl\/Blog\/wp-content\/uploads\/2023\/07\/logo-kopia-300x190.png",300,190,true],"large":["https:\/\/www.historiazkolemwtle.cal24.pl\/Blog\/wp-content\/uploads\/2023\/07\/logo-kopia-1024x649.png",665,421,true],"1536x1536":["https:\/\/www.historiazkolemwtle.cal24.pl\/Blog\/wp-content\/uploads\/2023\/07\/logo-kopia-1536x973.png",1536,973,true],"2048x2048":["https:\/\/www.historiazkolemwtle.cal24.pl\/Blog\/wp-content\/uploads\/2023\/07\/logo-kopia.png",1650,1045,false],"post-thumbnail":["https:\/\/www.historiazkolemwtle.cal24.pl\/Blog\/wp-content\/uploads\/2023\/07\/logo-kopia-660x418.png",660,418,true],"excerpt-thumbnail":["https:\/\/www.historiazkolemwtle.cal24.pl\/Blog\/wp-content\/uploads\/2023\/07\/logo-kopia-200x140.png",200,140,true],"excerpt-thumbnail-mobile":["https:\/\/www.historiazkolemwtle.cal24.pl\/Blog\/wp-content\/uploads\/2023\/07\/logo-kopia-380x200.png",380,200,true]},"rttpg_author":{"display_name":"Zbigniew Kluczkowski","author_link":"https:\/\/www.historiazkolemwtle.cal24.pl\/Blog\/author\/admin\/"},"rttpg_comment":0,"rttpg_category":null,"rttpg_excerpt":"&#8222;Historia z ko\u0142em w tle&#8221; to blog tematyczny prowadzony przez pasjonata, kt\u00f3ry od najm\u0142odszych lat interesuje si\u0119 motoryzacj\u0105 &#8211; t\u0105 przez &#8222;du\u017ce M&#8221;, ale r\u00f3wnie\u017c t\u0105 przez &#8222;nieco mniejsze M&#8221;. Tutaj znajdziecie ciekawostki, o kt\u00f3rych ju\u017c czytali\u015bcie, ale podane w niecodzienny spos\u00f3b. Na\u00a0stronach tego bloga przeczytacie r\u00f3wnie\u017c mniej znane dzieje motoryzacji &#8211; nie tylko maszyn,\u2026&hellip;","_links":{"self":[{"href":"https:\/\/www.historiazkolemwtle.cal24.pl\/Blog\/wp-json\/wp\/v2\/pages\/8","targetHints":{"allow":["GET"]}}],"collection":[{"href":"https:\/\/www.historiazkolemwtle.cal24.pl\/Blog\/wp-json\/wp\/v2\/pages"}],"about":[{"href":"https:\/\/www.historiazkolemwtle.cal24.pl\/Blog\/wp-json\/wp\/v2\/types\/page"}],"author":[{"embeddable":true,"href":"https:\/\/www.historiazkolemwtle.cal24.pl\/Blog\/wp-json\/wp\/v2\/users\/1"}],"replies":[{"embeddable":true,"href":"https:\/\/www.historiazkolemwtle.cal24.pl\/Blog\/wp-json\/wp\/v2\/comments?post=8"}],"version-history":[{"count":30,"href":"https:\/\/www.historiazkolemwtle.cal24.pl\/Blog\/wp-json\/wp\/v2\/pages\/8\/revisions"}],"predecessor-version":[{"id":15657,"href":"https:\/\/www.historiazkolemwtle.cal24.pl\/Blog\/wp-json\/wp\/v2\/pages\/8\/revisions\/15657"}],"wp:featuredmedia":[{"embeddable":true,"href":"https:\/\/www.historiazkolemwtle.cal24.pl\/Blog\/wp-json\/wp\/v2\/media\/15426"}],"wp:attachment":[{"href":"https:\/\/www.historiazkolemwtle.cal24.pl\/Blog\/wp-json\/wp\/v2\/media?parent=8"}],"curies":[{"name":"wp","href":"https:\/\/api.w.org\/{rel}","templated":true}]}}

<p style="text-align: justify;">&#8222;Historia z kołem w tle&#8221; to blog tematyczny prowadzony przez pasjonata, który od najmłodszych lat interesuje się motoryzacją &#8211; tą przez &#8222;duże M&#8221;, ale również tą przez &#8222;nieco mniejsze M&#8221;.</p>
<p style="text-align: justify;">Tutaj znajdziecie ciekawostki, o których już czytaliście, ale podane w niecodzienny sposób. Na stronach tego bloga przeczytacie również mniej znane dzieje motoryzacji &#8211; nie tylko maszyn, ale również ludzi, którzy je skonstruowali.</p>
<p style="text-align: justify;">Autor nie skupia się na tym, co oczywiste. Szuka tego, co niezwykłe w tym, co oczywiste. Łamie stereotypy, nie wierzy reklamie i wszystko mierzy swoją skalą.</p>
<p style="text-align: justify;"><em>Misją &#8222;Historii..&#8221; jest pobudzanie wyobraźni i kreowanie zainteresowania Czytelników, dlatego też wszelkie publikacje są krótkie i treściwe. Nie zawierają odpowiedzi na wszystkie pytania, ale prowokują do poszukiwań.</em></p>
<p style="text-align: justify;">&#8222;Historia &#8230;&#8221; to pewnego rodzaju hołd dla techniki motoryzacyjnej oraz wszystkich, dzięki którym możemy przemieszczać się z punktu A do punktu B i bezpiecznie wracać.</p>
<p style="text-align: justify;">Z racji specyfiki układu graficznego osobom słabowidzącym zaleca się przeglądanie zawartości bloga w rozdzielczości 1368 na 1024 lub 768 pikseli.</p>
<p style="text-align: right;">Autor</p>
<p style="text-align: right;"><span style="color: #ff0000;"><em>Zbigniew Kluczkowski</em></span></p>
<hr />
<pre style="text-align: justify;"><strong>Wsparcie techniczne zapewnia:</strong></pre>
<pre style="text-align: justify;"><strong> INFO - CAL
 </strong>ul. Chludowska 387 lok. 9
 62-003 Biedrusko
 Więcej na: <a href="https://www.cal.pl/?pp=35795">strona partnera</a>

</pre>
<hr />
<p style="text-align: justify;"><strong>Autor tekstów</strong> <strong>korzysta</strong> <strong>z</strong> <strong>urządzeń i oprogramowania firm:</strong></p>
<p><a href="https://www.historiazkolemwtle.cal24.pl/Blog/wp-content/uploads/2020/05/calpl.jpg"><img decoding="async" class="size-medium wp-image-9593 aligncenter" src="https://www.historiazkolemwtle.cal24.pl/Blog/wp-content/uploads/2020/05/calpl-300x166.jpg" alt="" width="300" height="166" srcset="https://www.historiazkolemwtle.cal24.pl/Blog/wp-content/uploads/2020/05/calpl-300x166.jpg 300w, https://www.historiazkolemwtle.cal24.pl/Blog/wp-content/uploads/2020/05/calpl.jpg 655w" sizes="(max-width: 300px) 100vw, 300px" /></a></p>
<p><a href="https://www.historiazkolemwtle.cal24.pl/Blog/wp-content/uploads/2022/09/knowledge_graph_logo.png"><img fetchpriority="high" decoding="async" class="size-medium wp-image-13884 aligncenter" src="https://www.historiazkolemwtle.cal24.pl/Blog/wp-content/uploads/2022/09/knowledge_graph_logo-300x300.png" alt="" width="300" height="300" srcset="https://www.historiazkolemwtle.cal24.pl/Blog/wp-content/uploads/2022/09/knowledge_graph_logo-300x300.png 300w, https://www.historiazkolemwtle.cal24.pl/Blog/wp-content/uploads/2022/09/knowledge_graph_logo-150x150.png 150w, https://www.historiazkolemwtle.cal24.pl/Blog/wp-content/uploads/2022/09/knowledge_graph_logo.png 302w" sizes="(max-width: 300px) 100vw, 300px" /></a><a href="https://www.historiazkolemwtle.cal24.pl/Blog/wp-content/uploads/2021/05/339954.jpeg"><br />
</a></p>
<p><strong>&#8222;Historia z kołem w tle&#8221; współpracuje z:</strong></p>
<p><a href="https://www.historiazkolemwtle.cal24.pl/Blog/wp-content/uploads/2020/05/media-impact-polska.png"><img decoding="async" class="size-medium wp-image-9596 aligncenter" src="https://www.historiazkolemwtle.cal24.pl/Blog/wp-content/uploads/2020/05/media-impact-polska-300x200.png" alt="" width="300" height="200" srcset="https://www.historiazkolemwtle.cal24.pl/Blog/wp-content/uploads/2020/05/media-impact-polska-300x200.png 300w, https://www.historiazkolemwtle.cal24.pl/Blog/wp-content/uploads/2020/05/media-impact-polska-768x512.png 768w, https://www.historiazkolemwtle.cal24.pl/Blog/wp-content/uploads/2020/05/media-impact-polska.png 975w" sizes="(max-width: 300px) 100vw, 300px" /></a></p>
<p><a href="https://www.historiazkolemwtle.cal24.pl/Blog/wp-content/uploads/2020/05/Slajd2-scaled.jpg"><img loading="lazy" decoding="async" class="size-medium wp-image-9597 aligncenter" src="https://www.historiazkolemwtle.cal24.pl/Blog/wp-content/uploads/2020/05/Slajd2-300x300.jpg" alt="" width="300" height="300" srcset="https://www.historiazkolemwtle.cal24.pl/Blog/wp-content/uploads/2020/05/Slajd2-300x300.jpg 300w, https://www.historiazkolemwtle.cal24.pl/Blog/wp-content/uploads/2020/05/Slajd2-1536x1536.jpg 1536w, https://www.historiazkolemwtle.cal24.pl/Blog/wp-content/uploads/2020/05/Slajd2-2048x2048.jpg 2048w, https://www.historiazkolemwtle.cal24.pl/Blog/wp-content/uploads/2020/05/Slajd2-150x150.jpg 150w, https://www.historiazkolemwtle.cal24.pl/Blog/wp-content/uploads/2020/05/Slajd2-768x768.jpg 768w, https://www.historiazkolemwtle.cal24.pl/Blog/wp-content/uploads/2020/05/Slajd2-1024x1024.jpg 1024w, https://www.historiazkolemwtle.cal24.pl/Blog/wp-content/uploads/2020/05/Slajd2-1170x1170.jpg 1170w" sizes="(max-width: 300px) 100vw, 300px" /></a><a href="https://www.historiazkolemwtle.cal24.pl/Blog/wp-content/uploads/2021/07/Przechwytywanie.png"><img loading="lazy" decoding="async" class="size-full wp-image-11779 aligncenter" src="https://www.historiazkolemwtle.cal24.pl/Blog/wp-content/uploads/2021/07/Przechwytywanie.png" alt="" width="242" height="97" /></a></p>
<hr />
<p style="text-align: justify;"><strong>Nota prawna:</strong></p>
<p style="text-align: justify;"><strong>Jeżeli opis lub wymienione źródła nie stanowią inaczej, wszelkie treści tego bloga stanowią własność intelektualną autora. Autor zastrzega sobie prawo do ich zmian bez wcześniejszego uprzedzenia. </strong>Zdjęcia określone jako nagłówkowe mają wyłącznie charakter informacyjny. Treści o charakterze reklamowym prezentowane na łamach tego bloga nie stanowią oferty handlowej.</p>
<div class="paragraph article_section_content"></div>
<p>&nbsp;</p>

<p>&#8222;Historia z kołem w tle&#8221; to blog tematyczny prowadzony przez pasjonata, który od najmłodszych lat interesuje się motoryzacją &#8211; tą przez &#8222;duże M&#8221;, ale również tą przez &#8222;nieco mniejsze M&#8221;. Tutaj znajdziecie ciekawostki, o których już czytaliście, ale podane w niecodzienny sposób. Na stronach tego bloga przeczytacie również mniej znane dzieje motoryzacji &#8211; nie tylko maszyn,… <span class="read-more"><a href="https://www.historiazkolemwtle.cal24.pl/Blog/misjabloga/">Dowiedz się więcej &raquo;</a></span></p>

&#8222;Historia z kołem w tle&#8221; to blog tematyczny prowadzony przez pasjonata, który od najmłodszych lat interesuje się motoryzacją &#8211; tą przez &#8222;duże M&#8221;, ale również tą przez &#8222;nieco mniejsze M&#8221;. Tutaj znajdziecie ciekawostki, o których już czytaliście, ale podane w niecodzienny sposób. Na stronach tego bloga przeczytacie również mniej znane dzieje motoryzacji &#8211; nie tylko maszyn,…&hellip;
